7)*2)/((-2)/3). What is the units digit of 16748/b - 34/221?
4
What is the hundreds digit of 473876/16 - (-363)/132?
6
Let f(q) = -1233*q - 894. What is the hundreds digit of f(-6)?
5
What is the ten thousands digit of (80/120)/(2/246726)?
8
Let t(x) = 2*x**2 - 42*x - 59. Let z be t(34). Suppose -2*c + z = -2*o - o, 3*c = -2*o + 1257. What is the hundreds digit of c?
4
Let h = 10 + -11. Let r be h + (3 - -1) - -10. Suppose 0 = -n + 48 + r. What is the units digit of n?
1
Let c = -256 + 261. Suppose -g + 290 = c*a + 4*g, 146 = 3*a - 4*g. What is the tens digit of a?
5
Let r = -530 + 360. Let d = r + 322. Suppose t + 4*w - 147 = 0, 5*w - d = -5*t + 508. What is the hundreds digit of t?
1
Suppose 29*o - 3*o - 702202 = -12*o. What is the units digit of o?
9
Let p(b) = -255*b + 16. Let l be p(6). Let f = l + 2126. What is the units digit of f?
2
Suppose 2 = 2*p, -2*z - p + 147 = -288. Suppose -8*u = 22*u + 4620. Let k = u + z. What is the tens digit of k?
6
What is the ten thousands digit of ((-3367812)/98)/3*(-3 - 4)?
8
Let u(h) = 23*h**2 + 19*h - 20. Let a be u(24). Suppose -3*p - m = 49447 + a, -42102 = 2*p - 3*m. What is the hundreds digit of p/(-105) - 3/7?
2
Let d be (25/(-10) - -5)*14730/25. Let o = d - 849. What is the tens digit of o?
2
Suppose 181*t - 111520 = 161*t. What is the thousands digit of t?
5
Let x = 33 + -32. Let f be 1 - -2 - (-6)/3*x. Suppose 4*b = 4*w + 372, -f*w = -4*b + 68 + 299. What is the units digit of b?
8
Let z(a) = -37*a**3 - 24*a**2 - 68*a + 82. What is the ten thousands digit of z(-10)?
3
Let j = 29 + -17. Suppose 8*r = j*r - 784. Let y = 276 - r. What is the units digit of y?
0
Let a be 1/2*0*(-1)/5. Let f(b) = 3*b**2 - 8*b**3 + 5*b + a - 12 + 17. What is the tens digit of f(-2)?
7
Suppose -35 + 158 = 3*d. Suppose 0 = -38*h + d*h - 201. Suppose 0 = t - 4*n - h, -3*t - 2*n + 418 = 161. What is the units digit of t?
3
Let r(v) = -v**2 + 3*v + 6. Let o be r(7). Let c = o - -334. Suppose 4*m - 136 = c. What is the units digit of m?
2
Let z be ((-4)/6)/(28/(-42)). Suppose -14 - z = -5*i. Suppose 0 = i*b - 70 - 98. What is the units digit of b?
6
Let l(r) = -3*r - 31. Let g be l(-11). Suppose 0 = -g*c + 406 + 496. What is the units digit of c?
1
Let t(q) = 19*q + 60. Let w be t(21). Let o(y) = -11*y**3 + 4*y**2 - y. Let p be o(3). Let l = p + w. What is the units digit of l?
5
Suppose s + 50158 = -8*q + 12*q, -5*s = -q + 12568. What is the hundreds digit of q?
5
Suppose -4*v - 16 = -4*i, 4*v + 12 = 3*i - v. Suppose -4*l - o = -14, i*l - 8 = 2*l - o. Suppose -53 = -l*q + 49. What is the tens digit of q?
3
Let x = 4 - 1. Suppose -l + 2*l - 5*k = -8, 3*l + 6 = -x*k. What is the units digit of 10/30 - 281/l?
4
Let t = -146 + 1777. Let i = 2297 - t. What is the units digit of i?
6
Suppose -25*t - 269 = -c - 28*t, -c = t - 267. Suppose -i - 387 = -4*i - 3*h, -2*i + c = 4*h. What is the hundreds digit of i?
1
Suppose -12*c = -11*c - 118. Suppose -j - 4*x - 2 = -1, 4*x = -4*j + 8. What is the hundreds digit of c - (-80)/(-30)*j/(-2)?
1
Let l(o) = o**3 + 6*o**2 + 8*o + 1. Let v be l(-3). What is the tens digit of 1522/v + 45/(-30)?
7
Let u(c) be the third derivative of -c**5/60 + c**4/4 - 18*c**2. Let t be u(16). Let l = 299 + t. What is the hundreds digit of l?
1
Suppose 0 = 563*y - 522*y - 319595. What is the units digit of y?
5
What is the tens digit of (600/(-25) - -23)*-16040?
4
Suppose b + 4*j + j = -13, -b = -4*j - 14. Let m be 62*50/20*b*1. Suppose -16*y + m + 234 = 0. What is the tens digit of y?
3
Suppose -x = 5, 103*m + 587 = 107*m - 3*x. What is the tens digit of m?
4
Let v(t) = 2*t - 14. Let c be v(8). Suppose 2 = c*b + 2. Suppose -2*h + 298 + 2 = b. What is the tens digit of h?
5
Let o be ((-40)/(-16))/(1/2). Let k be (-3 - (-4 - -1))*(-1)/(-3). Suppose -4*i + 5*d + 357 = k, 3*d = 4*i - o*i + 68. What is the tens digit of i?
8
Suppose -4*z = q - 20, 0 = -z - 0 + 4. Suppose -4*s + q*n + 251 = -n, 3*n = -9. Let u = -35 + s. What is the tens digit of u?
2
Let p(z) be the third derivative of z**5/12 + z**4/12 + 908*z**3/3 + 17*z**2 + 2. What is the hundreds digit of p(0)?
8
What is the thousands digit of 3 + -1 + 24557 + (-8 - -3)?
4
Let y(x) = -x**3 + 4*x**2 - 4*x + 5. Suppose 3*o - 6 - 9 = 3*b, 0 = 4*o - b - 11. Let i be y(o). Suppose -71 + 1256 = i*j. What is the units digit of j?
7
Let p = 138 + -114. Suppose -5*j = u - p, -2*u + 2 = j - 28. What is the tens digit of u?
1
Suppose -m + 137 = -175. Let r = m + -437. Let a = r - -250. What is the hundreds digit of a?
1
Let j be (168/40 - 9)*-15*4. What is the units digit of 27972/j + (-2)/16?
7
Let x(u) = -3*u - 9. Let j be x(-3). Let f(p) = -p**2 + 2*p. Let t be f(j). Suppose t = 3*v - 301 - 17. What is the units digit of v?
6
Let z(a) = -3*a + 4 - 3 + 25*a**2 + 4. Suppose -41 = o + 3*m - 55, -12 = 4*o - 5*m. What is the tens digit of z(o)?
9
Let a(z) = 120*z - 222. Let g be a(17). Let r = g - 774. What is the hundreds digit of r?
0
Let m = 54481 + -27367. What is the tens digit of m?
1
Let b be (-39)/13*(-2)/6. What is the units digit of b + 5/(15/2808)?
7
Let k(o) = -o**3 + 58*o**2 + 5*o + 77. What is the hundreds digit of k(57)?
6
Suppose -93*u + 145*u = 248352. What is the tens digit of u?
7
Suppose 3*k - 3660 = -n - 2*n, 0 = -2*n + 5*k + 2433. What is the tens digit of n?
1
Let l(s) = 4358*s - 3418. What is the units digit of l(3)?
6
Suppose -5*g + 2*d + 0*d = -8, -16 = 5*g + 4*d. Suppose g = 23*j - 4*j - 15922. What is the tens digit of j?
3
Let n be (-1 - 4) + (-1013 - (8 - 4)). Let f = 1836 + n. What is the hundreds digit of f?
8
Let i be -66*(-6)/(-14) - 4/(-14). Let d = 39 + -3. Let v = d + i. What is the units digit of v?
8
Let k(v) = v**3 - 21*v**2 + 13*v + 23. Let d be k(20). Let a be d/(0 + (-1 - (-2 + 0))). Let l = 44 - a. What is the units digit of l?
1
Suppose 4*w = -3*v + 83157, -5*v = -14*w + 16*w - 41589. What is the thousands digit of w?
0
Let p be (-4 - 41/(-5)) + 2/(-10). Suppose -2*a - 3 + 1 = -3*h, 0 = -p*h + 5*a + 5. Suppose -23*f + 20*f + 387 = h. What is the tens digit of f?
2
Suppose -93404 = 158*b - 402610. What is the tens digit of b?
5
Suppose -70*u + 1159000 = 82*u. What is the thousands digit of u?
7
Let p = -27 + -55. Let x = 508 + -412. Let h = x + p. What is the tens digit of h?
1
Suppose -10 + 18 = 4*r. Suppose 4*d - 14 = -5*s, -4*s - r*d = -5*s. Suppose 0 = s*a - 6*a + 136. What is the tens digit of a?
3
Let v = 14 - 33. Let x = -39 + v. Let u = x + 82. What is the tens digit of u?
2
Let d = 174 + -166. Suppose -d*c + 51*c = 33755. What is the tens digit of c?
8
Let p(f) = -2*f + 265. Let j be p(24). What is the units digit of (-62)/j + 1 + 2809/7?
2
Suppose 3*n - 12 = -0*n. Suppose -1146 = -n*l - 3*a, 3*l + 2*a + 129 = 989. Suppose -3*u + 5*o + 202 = 0, o - 3*o - l = -4*u. What is the tens digit of u?
7
Suppose -1125875 - 172297 = -218*d + 104658. What is the thousands digit of d?
6
Let y(f) = 3*f + 19. Let v be y(-4). Let b(u) = u**3 - 2*u**2 - 8*u + 2. Let m be b(v). Let j = m - 26. What is the hundreds digit of j?
1
Let a = 1137 + -668. Suppose -4*m + 1755 = -a. What is the tens digit of m?
5
Let l(o) = -2*o - 55. Let f(r) be the third derivative of r**4/24 + 3*r**3 - 6*r**2. Let h(a) = 7*f(a) + 2*l(a). What is the units digit of h(20)?
6
Suppose 0 = -7*u + 5*y + 408112, 2*y + 192505 = 4*u - 40707. What is the tens digit of u?
0
Suppose n = 4*a + 8, 4*n - a - 8 = 3*n. Let w = -6 + n. Suppose 9*u - 91 = w*u. What is the units digit of u?
3
Suppose -5*x + 27*w = 25*w - 198750, 5*x + 5*w - 198750 = 0. What is the units digit of x?
0
What is the units digit of ((-16)/12)/((-15)/92385)?
2
Suppose 16*u - 358 = 218. What is the units digit of ((-621)/(-18))/(2/u)?
1
Let g = 137 + -137. Suppose g = 3*u - 6, m = 4*u + 82 + 99. What is the tens digit of m?
8
Let r(y) = -y + 1. Let p(d) = -13*d - 78. Let u(i) = -p(i) + 6*r(i). What is the tens digit of u(11)?
6
Suppose 2*g = -4*t + 34266, -5*t - 9*g = -14971 - 27855. What is the thousands digit of t?
8
Suppose 17*g = 21*g - 28. Suppose 1905 = g*w - 692. What is the hundreds digit of w?
3
Let p be 840/16*(-96)/(-20). Suppose -519 = -3*x + p. What is the tens digit of x?
5
Let s(i) = 506*i + 140. What is the ten thousands digit of s(40)?
2
Let q be 3/((-6)/(-4)) - (-4 - -2). Suppos